 -r*c + 5*s = -48. What is the tens digit of c?
2
Let c be (28/35)/((-2)/15). Let v(l) = -11*l + 3. Let h(s) = 21*s - 6. Let u(x) = c*h(x) - 11*v(x). What is the units digit of u(-4)?
3
Suppose -180 = -7*u - 3*u. Suppose -u*k - 838 = -3322. What is the units digit of k?
8
Let t(c) = -c**3 - 19*c**2 - 71*c - 31. What is the tens digit of t(-16)?
3
What is the thousands digit of (7056/(-54))/(2/(-48))?
3
Let a(l) = -5*l**3 - 7*l**2 - 8*l - 6. What is the units digit of a(-5)?
4
What is the hundreds digit of 14/(-21) - 7154/(-21)?
3
Suppose 0 = 8*u - 8796 - 14268. What is the thousands digit of u?
2
Let o be 4 - -2*(-9)/3. Let g be (-4416)/(3 + -7)*o. What is the tens digit of (-4)/(-14) + g/(-112)?
2
Suppose 2*o = 3*a - 147, -3*a + 165 = 3*o + o. Let x = a + -25. What is the units digit of x?
6
Let c(k) = -1 + 12*k**3 + 2*k - 3*k**2 - 4*k**2 - 11*k**3. Let x be c(7). Suppose -x*o + 10*o + 54 = 0. What is the units digit of o?
8
Suppose 3*i + 6 = 3*z, 5*z + 4*i + 4 - 5 = 0. What is the units digit of 7/z + (1 - 0)?
8
What is the thousands digit of (1 - -1)/((-96)/(-115728))?
2
Let f = 10855 - 7615. What is the units digit of f?
0
Let h(x) = 2*x**3 + 12*x**2 - 31*x + 15. What is the hundreds digit of h(7)?
0
Let j(c) = 4*c + 1. Let w be j(-3). Let u = -11 - w. Suppose u = -5*d + 61 - 6. What is the units digit of d?
1
Let g = -961 + 1749. What is the units digit of g?
8
Suppose 0 = -2*s + 4*r + 1706, -s + 474 + 378 = -r. What is the units digit of s?
1
Let j be 6/15 + (-26)/(-10). Suppose 3 = -s, 2*a + 4*s + 112 = 4*a. Suppose a = 5*z - j*z. What is the tens digit of z?
2
Let x(r) = 2*r**2 - 17*r + 24. Let d be x(7). Suppose -d*s + 122 = a, 4*a = -3*s - 246 + 761. What is the tens digit of a?
3
Suppose -529 = -4*a + 3*m + 77, 4*m + 158 = a. What is the units digit of a?
0
Let a be (1400/6)/((-2)/6). Let s = a + 364. What is the units digit of s/(-20) + 2/10?
7
Let r(z) = -z**2 + z - 1. Let c(w) = 3*w - 1. Let j(s) = c(s) - r(s). What is the units digit of j(9)?
9
Let o(j) = -3*j**2 + 20*j + 5. Let m be o(8). What is the units digit of 6/m + 920/9?
2
Suppose -t + 2*j + 1310 = 0, -3*t - 362 = 2*j - 4260. What is the tens digit of t?
0
Let y(o) = o**3 - 13*o**2 + 3*o + 7. Let d(u) = 2*u - 1. Let r be d(7). Let f be y(r). Suppose 3*n = -13 + f. What is the tens digit of n?
1
Let w(l) = 18*l + 35. Let t be w(-14). Let h = t + 416. What is the hundreds digit of h?
1
Let q = 15 + -16. Let x = -1 + q. Let l(f) = 5*f**2 - 2*f - 4. What is the tens digit of l(x)?
2
Let h be (-90)/12*(-4)/5. Let j be (10/(-6))/((-2)/h). Suppose -r + j = -18. What is the tens digit of r?
2
Suppose 3*s - 87 - 4956 = -4*h, 0 = 3*h + 4*s - 3784. What is the hundreds digit of h?
2
Suppose -31*h = -29694 - 64236. What is the hundreds digit of h?
0
Suppose 11*i = 2*p + 12*i - 2450, 0 = 4*p - 3*i - 4920. What is the units digit of p?
7
Suppose -4*j = 4*f - 32, -5*j = 3*f - 3*j - 20. Suppose -n + 5*s + 252 = 0, n - f*n + 4*s = -778. What is the tens digit of n?
6
Let d(v) be the second derivative of -v**3/6 + 6*v**2 + v. Let q be d(10). Suppose 2*n + 2*z = 58, q*z + 12 = n - 5. What is the units digit of n?
5
Let s be 496/10 + (-24)/(-60). Suppose 51*f = s*f + 92. What is the tens digit of f?
9
Let k be (-64)/80 - (-574)/5. Let o = k - 70. What is the units digit of o?
4
Suppose -3*b - 67 = 2*r - 863, -5*r + b + 1990 = 0. What is the units digit of r?
8
Suppose 25*y + 5328 = 43*y. What is the hundreds digit of y?
2
Let j(t) = -4*t - 19. Let z = 3 + -14. What is the units digit of j(z)?
5
Suppose 3*v - 5*z = 28, 0 = -4*v + 3*z - 5*z + 20. Let j be v/15*1*95. Suppose j = 4*i - 5*x, -4*i - 4*x = -9 - 11. What is the units digit of i?
7
Let o = 20 + -16. Suppose -6*s - o*s = -390. What is the units digit of s?
9
Suppose 0 = 3*b - 0*d + 3*d + 45, 3*d - 35 = 5*b. Let m be -2*((-1085)/b)/7. Let c = m - -34. What is the units digit of c?
3
Suppose 3*f - 15709 = -4*a, 3*a - 3*f - 4431 - 7377 = 0. What is the tens digit of a?
3
Suppose 0 = 12*u - 17*u + 1000. Suppose 0 = -y - 5*r + 76, 0 = 2*y - r + 59 - u. What is the units digit of y?
1
Suppose 4*j - 1052 = -2*u + 40, 5*j + 2685 = 5*u. What is the tens digit of u?
4
Let l(n) = 3*n**3 + 1. Let i be l(1). Suppose -i*a + 20 = 0, -a = -x - 2*a + 7. Suppose 0 = x*h - 3*h + 10. What is the tens digit of h?
1
Let f = 91 + -86. Suppose -2*t + 58 + 57 = k, 2*k = -f*t + 288. What is the tens digit of t?
5
Let z = -8 + 11. Suppose 1 = p + z. What is the units digit of ((-36)/(-45))/(p/(-10))?
4
Let k be ((-3)/(-2))/(9/1176). Let x = -112 + k. Suppose -x - 26 = -5*z. What is the units digit of z?
2
Let o(i) be the first derivative of -i**4/4 + 7*i**3/3 + 3*i**2/2 + 7. Let w = 22 - 16. What is the tens digit of o(w)?
5
Let m = 20 + -16. Suppose -3*b + 18 = -5*o + 2*o, 4*o = -m*b + 16. Suppose 0 = 2*h - 2*g - 92 - 32, g = -b*h + 316. What is the tens digit of h?
6
Let m(l) = 4*l**3 - l**2 - 10*l - 10. Let f be m(-3). Let v = f - -143. What is the units digit of v?
6
Let h(l) = -l**3 - 4*l**2 + 2*l + 12. Let j be h(-4). Suppose j*b = 2*b + 118. What is the tens digit of b?
5
Suppose -4*m - 4497 = -3*c, 0 = -2*c + 3*c + 2*m - 1509. What is the hundreds digit of c?
5
Let q = 119 - 3. Suppose 3*v = 7 + q. What is the tens digit of v?
4
Suppose 22494 = 21*f + 1095. What is the hundreds digit of f?
0
Suppose -75 = -5*h + 3*d, -3*d + 24 + 21 = 3*h. Let v = 27 - h. What is the tens digit of v?
1
Let y be 2915/(-45) + (-2)/9. Let q = 11 - y. Suppose 4*p = -0*p + q. What is the units digit of p?
9
Let q(h) = 2*h**2 + 8*h + 76. What is the tens digit of q(-9)?
6
What is the hundreds digit of 12/8*-4 + 265?
2
Suppose 23*z - 9160 = 3*z. What is the tens digit of z?
5
Let k be (-264)/9 + 1/3. Let p(o) = -o**3 + 10*o**2 - 15*o + 7. Let z be p(5). Let m = z + k. What is the tens digit of m?
2
Let d = -271 - -271. Let v(w) = 2*w - 2. Let r be v(2). Suppose t + t - r*j - 66 = d, -3*t + 127 = 4*j. What is the tens digit of t?
3
What is the tens digit of ((-3372)/8)/((-3)/((-18)/(-3)))?
4
Let x(f) = 236*f**2 + 9*f - 12. What is the units digit of x(2)?
0
Suppose -2*v = 3*f + 578, 2*f + 389 = 4*v + 25. Let r be 4/(-18) - f/45. Suppose -r*y = -34 + 10. What is the units digit of y?
6
Suppose 36*a - 48503 = 33721. What is the tens digit of a?
8
Let u(v) = v**2 - 7*v + 10. Suppose k + 0 = 8. Let x be u(k). Suppose 0 = s + 2*s + 3*d - x, -d + 10 = 2*s. What is the units digit of s?
4
Let b = 112 - -162. What is the tens digit of b?
7
Let o(w) = -64*w + 266. What is the units digit of o(2)?
8
Suppose 0*k = k - 1472. What is the hundreds digit of k?
4
Let y(g) = 48*g + 15. Let i be ((-5)/(-15 - -5))/((-1)/(-12)). What is the tens digit of y(i)?
0
Suppose 0 = 2*c - 7*c. Suppose 6*i - 16 - 2 = c. Suppose 4*w + i*m - 18 = -4, -5*w = 2*m - 14. What is the units digit of w?
2
Suppose -3*s - 4*p = -450, s + 2*p = -0*p + 152. Suppose 309 + s = 5*k. What is the units digit of k?
1
Suppose r - 3616 = -39*b + 34*b, 0 = 4*r + b - 14502. What is the tens digit of r?
2
Let q(p) = p**3 + 11*p**2 - p - 4. Let f be q(-11). Let w(a) = a**2 - 6*a - 6. Let z be w(f). Suppose 3*s - 13 = -z. What is the units digit of s?
4
Let o = 4859 - 2380. What is the hundreds digit of o?
4
Suppose -1 = -2*l + 9. Suppose -4 + 24 = 5*x, l*k - 3*x = 83. Suppose -5*w = -5*n + 105, 4*w + k = 2*n - 29. What is the units digit of n?
8
Let d = 11001 - 6860. What is the units digit of d?
1
Let a(k) = -k + 14. Let s be 61/6 + 3/(-18). Let r be a(s). Suppose 0 = r*w + 4*h - 100, 0 = -4*w + w - 4*h + 80. What is the tens digit of w?
2
Let a = -3233 + 4557. What is the units digit of a?
4
Let u(q) = 3*q**2 + 16*q + 36. What is the tens digit of u(6)?
4
Suppose -2*x + 2*h + 2388 = 6*h, -x = -4*h - 1206. What is the units digit of x?
8
Let s = -120 + 132. Let z(v) = 7*v + v**3 - 13*v**2 - 8 + 4 + 8*v. What is the tens digit of z(s)?
3
Suppose 3*f = -1 + 7. Suppose 15 = 5*g, -f*g = -0*d - d - 14. Let t = d - -20. What is the tens digit of t?
1
Suppose -3*o + 2*j = -6023, -5093 = -4*o + 2*j + 2941. What is the tens digit of o?
1
Let s(c) = c**3 + 4*c**2 - 12*c - 8. Let r be s(-6). Let k = 81 - r. What is the units digit of k?
9
Suppose 32 = 3*l + l + 5*j, 3*l - 5*j + 11 = 0. Suppose -2*z - 2*s + 114 = 0, -2*z + 61 = -z - l*s.